ine b(u).
6
Let u(x) = 3*x - 6. Let n(w) be the first derivative of w**2/2 + 14*w - 6. Let v be n(-10). Let g be ((-2)/2)/((-1)/v). Give u(g).
6
Let m(w) = w**2 + 4*w. Suppose 5*r - 6*k = -3*k - 9, 0 = -3*r + 5*k + 1. Let p be r/2*(-2 - -4). Calculate m(p).
-3
Suppose -13 = 2*v - 6*i + i, 0 = -2*i + 6. Let a(y) be the second derivative of 3*y**5/20 - y**4/6 + y**3/3 - y**2/2 - 95*y. What is a(v)?
2
Let l(z) = -2*z + 6*z - 3*z - 5. Suppose 14*a - 15*a = 46. Let c = a - -49. Calculate l(c).
-2
Let j(i) = -i**2 + 7*i - 5. Let s(m) = 14*m + 1. Let x be s(1). Let b(y) = 22*y + 33. Let p be b(-2). Let k = p + x. Calculate j(k).
7
Suppose 0 = -3*u - 0*u - 2*q + 3, 4*q + 1 = u. Let w(a) = -2 + 1 - 2*a**2 + 2 - 3*a**3. Give w(u).
-4
Let q = -11 + 8. Let c = q - -2. Let s(t) = -3879*t + 3879*t - 1 - 5*t**2. Determine s(c).
-6
Let r(f) = -f**2 - 5*f - 2. Let x be (-3)/(((-63)/6)/7). Let z(n) = -n**3 + n. Let v be z(1). Suppose v = -w + 4*j - 22, -w = x*w + 2*j + 10. Determine r(w).
-8
Let b(z) be the second derivative of 1/12*z**4 + 0 + z**2 - 9*z - z**3. Give b(6).
2
Let c(s) = -191 + 192 + 7*s**2 + 3*s**2. Suppose 5*h + 8 - 13 = 0. Calculate c(h).
11
Let f(n) = -2*n + 8. Let s be f(3). Let q(v) = -11*v**2 - v + 3. Let w(t) = -t**2 - t + 1. Let z(d) = q(d) - 4*w(d). Determine z(s).
-23
Let t(o) = -3*o - 31. Suppose 2*d + 0*d + 4 = 0, 3*c = -5*d - 40. Give t(c).
-1
Let o(l) = -l**2 + 7*l + 2. Let u be 82/11 - (-228)/418. Determine o(u).
-6
Let x(m) = 3*m**3 + 10*m**2 - 5*m + 3. Let n(b) = -11*b**3 - 31*b**2 + 15*b - 10. Let a(p) = -2*n(p) - 7*x(p). Calculate a(7).
-15
Let i(s) = -88 - 17*s + 39 + 39. Let v(k) = 4*k + 3. Let w(g) = 2*i(g) + 9*v(g). Determine w(-5).
-3
Let f(m) = -3*m**2 + 2. Suppose 16*c + 60 = 11*c. Let g(p) = -p**3 - 11*p**2 + 11*p - 8. Let y be g(c). Suppose t = y*t - 6. Calculate f(t).
-10
Let y(l) = l**2 + 4*l + 4. Suppose h + 5*c + 19 = 0, 4*h - h - 3*c + 3 = 0. Determine y(h).
4
Let d be ((-112)/(-20) + 4)*5. Let z(l) = -82 + 40 + 3*l + d. Give z(-6).
-12
Suppose v + 2 = 99*w - 98*w, -28 = w + 5*v. Let o(q) = -1. Let m(j) = -j - 3. Let i(u) = m(u) - 3*o(u). What is i(w)?
3
Let l be (-2 + -1)*((-550)/90 - -6). Let d(a) be the first derivative of -2*a**2 - 2*a - l*a**3 + 5. Give d(-5).
-7
Let g(i) = i**3 - 3*i**2 - i - 2. Suppose 16*k - 19*k = 0. Suppose k = 4*c - c - 9. Calculate g(c).
-5
Let m(v) = 38*v**2 + 60*v - 61. Let p(x) = -7*x**2 - 12*x + 13. Let q(d) = -2*m(d) - 11*p(d). Determine q(-15).
24
Let h(z) = -z**3 + z**2 + 54*z + 16. Let b be h(8). Let l(w) = w**2 + 42. Give l(b).
42
Let m = 64 + -61. Let p(t) = -6 - t**m - 27*t**2 - t - t + 33*t**2 + 1. Give p(6).
-17
Suppose 3*d = 4*d - 4*z - 38, 3*d + 5*z - 29 = 0. Suppose -5*m + 7 + d = 0. Let l = 9 - m. Let n(u) = u + 1. Calculate n(l).
5
Let y(a) = a**3 - 6*a**2 + 4*a + 4. Let j(q) = -5*q. Let p(c) = -4*c - 1. Let w(v) = 3*j(v) - 4*p(v). Let g be w(1). Determine y(g).
-1
Let n(f) be the third derivative of f**5/60 + 11*f**4/24 - f**3/2 + f**2 - 104. Determine n(-9).
-21
Let b(m) = -m**2 - m. Let u(o) = -11*o**2 - 10*o. Let i(q) = -8*b(q) + u(q). Give i(-2).
-8
Let n = 25 - 19. Let q(y) = 5*y**3 + 6*y**2 - 7*y - 6. Let t(r) = 9*r**3 + 3 + 5*r**2 - 13*r - 14 + 6*r**2. Let l(o) = n*t(o) - 11*q(o). What is l(0)?
0
Let f(s) = s - 14. Let p be 340/(-34) + (17 - -2). What is f(p)?
-5
Let r(i) = 0 + 3 + i**3 - 1 + 1 + 7*i**2 + 8*i. Calculate r(-6).
-9
Suppose -4*a - z = -1, 6*a - 10 = 11*a + 5*z. Let b(x) = -6*x**2. What is b(a)?
-6
Let d(s) = 3*s**3 - 6*s**2 + 4*s + 12. Let b(f) = -5*f**3 + 7*f**2 - 4*f - 13. Let z(n) = -2*b(n) - 3*d(n). Determine z(-4).
6
Let g(y) = -8*y + 7. Let h(w) = -w**2 - 23*w + 23. Let p(t) = 7*g(t) - 2*h(t). What is p(7)?
31
Let b(c) = c - 7. Let v(w) = 3*w - 12. Let h(j) = 5*b(j) - 2*v(j). Calculate h(-3).
-8
Let b(c) = -37*c + 24*c + 11*c + 15*c. Calculate b(2).
26
Let s = -12 - -6. Suppose 0 = 3*n - 3*m + 9, 2*m - 5 - 4 = -n. Let l(r) = 0*r**2 + 1 + n - 1 - r**2 - 6*r. Calculate l(s).
1
Let z(g) = 34*g + 0 - 2 - 4*g**2 - 15*g + g**3 - 18*g - 2*g**2. Give z(6).
4
Let p = 3 - 6. Suppose 0 = -t + 4*b + 41, 0 = -4*b - 1 - 7. Let m(i) = 2*i - 32*i**2 - 1 + t*i**2 - 1. Give m(p).
1
Let g(p) = -52 + 2*p**2 - 56 + 2*p + 109 - p**3. Give g(3).
-2
Let s = 9 + -6. Let q(w) = -3*w - s*w + w**2 + 6*w + 1 - w - 7*w**3. What is q(1)?
-6
Let g(r) = -4*r - 2. Let b = 150 + -145. Calculate g(b).
-22
Let r(l) = l**3 + l**2 - 4*l + 1. Let x be r(-3). Let i(j) be the first derivative of -j**4/4 - 2*j**3 - 3*j**2/2 + j + 1457. Calculate i(x).
-9
Let f(m) = -m**3 - 5*m**2 - 2*m + 5. Suppose 2*n = -138 + 144. Let z be (-4)/6 + n + (-57)/9. What is f(z)?
-3
Let k(s) = 5*s**2 - 4*s + 8. Let v(w) = -13*w**2 + 11*w - 23. Let i(q) = -8*k(q) - 3*v(q). Determine i(-4).
-7
Let i(b) = b**2 - 3*b - 2. Suppose -10*d + 7*d = 21. Let s(t) = t**2 + 6*t + 3. Let v be s(d). Let p be 4/v - (-138)/30. Give i(p).
8
Let v(w) be the second derivative of 7/6*w**3 - 1/60*w**5 - 1/6*w**4 + 0 + w - w**2. Let c(f) be the first derivative of v(f). Give c(-6).
-5
Let i(f) = -f**3 + 6*f**2 - f + 7. Let l be 15*(-5)/(-10)*(-4)/(-5). Give i(l).
1
Let n(l) be the third derivative of 2*l**2 + 0*l**4 + 0*l + 0*l**3 + 0 - 1/12*l**5. Calculate n(1).
-5
Let w(p) = 4*p**3 - 5*p**2 - 6*p. Let z(d) = 5*d**3 - 5*d**2 - 6*d + 1. Let i(l) = 6*w(l) - 5*z(l). What is i(-3)?
-5
Suppose 4*x = -3*q + 32, x + 9*q = 13*q + 8. Let n(v) = v**3 - 6*v**2 - 10*v - 11. Determine n(x).
37
Let m(k) = 135*k**3 + k**2 - 3*k + 1. Let s be m(1). Let y = -130 + s. Let a(d) = -5*d - 2. Calculate a(y).
-22
Let w(r) = -2*r**3 + 13*r**2 - 7*r + 8. Let v be (545/(-327))/(5/(-18)). Give w(v).
2
Suppose -15*y + 16*y - 5 = 0. Suppose -a + 3*g + 3 = 2*g, y*a + 3 = -g. Let z(h) = -h**2 + h - 2. Calculate z(a).
-2
Let p(a) be the first derivative of a**5/120 - a**4/24 + 4*a**3 - 3. Let t(o) be the third derivative of p(o). Calculate t(-2).
-3
Let a(c) be the second derivative of -c**5/20 + 11*c**4/12 - 5*c**3/3 - 3*c**2 - 321*c. Calculate a(10).
-6
Let v(j) be the first derivative of -j**2/2 - 4*j - 245. Calculate v(6).
-10
Let k(d) = d**2 + 7*d - 5. Let q be -3*(-52)/12*1. Suppose -1 + q = x. Suppose -c = c + x. Determine k(c).
-11
Let n(m) = -5169 - 4*m**3 + 5184 - 13*m + 12*m**2 + 4*m**3 - m**3. Determine n(11).
-7
Let b(a) = -3*a - 2. Let t be 2/(-3)*78/4. Let u = -11 - t. Give b(u).
-8
Suppose 0 = 140*o - 180*o + 400. Let f(i) = i**3 - 9*i**2 - 11*i + 13. Give f(o).
3
Let o(u) = -4*u + 3*u + 0*u + 4*u + 6. Let l(v) = v**2 - 3*v. Let c be l(4). Suppose 6 = -2*a - c. Give o(a).
-9
Let m(l) = -2*l**2 + 14*l - 3. Let y(h) = h**2 - 7*h + 1. Let w(d) = 4*m(d) + 7*y(d). Suppose 0 = -3*c - 5*k + 31, 5*k + 2 + 9 = 3*c. Calculate w(c).
-5
Let f(p) = -11*p**2 - 2. Let v(y) = -31*y**2 - y - 5. Let n(s) = -17*f(s) + 6*v(s). Suppose 2*z + 4*a = 0, -4*z + 27 = 4*a - 5*a. What is n(z)?
4
Let x(d) be the first derivative of d**2/2 - d + 6. Give x(-3).
-4
Let z(g) = -g + 2. Let m be z(-5). Let n be 9/3 + (4 - m). Let t(h) = 25*h**2 - 32*h**2 + n*h + h. What is t(1)?
-6
Let y(m) = -m + 4. Let w be ((-55)/(-10) + -4)/((-2)/92). Let h = -66 - w. Give y(h).
1
Let t = -806 - -807. Let g(m) = -5*m**2 + m. Calculate g(t).
-4
Let r(a) = -5 - 7 - 2*a**2 + 3*a**2 + 14. Calculate r(3).
11
Let y(p) = 8*p - 11. Let j(t) = 9*t - 12. Let x(z) = -6*j(z) + 7*y(z). Let f be 6 + (3 - 3 - 0). Determine x(f).
7
Let t(a) = 3*a**3 + a**2 - 3*a + 4. Let g = -325 - -322. Give t(g).
-59
Let h(u) = -u**3 - u + 2. Let i = -13 + 1. Let k be (-8)/6*i/(-8). Give h(k).
12
Let z(o) = o + 1. Let h be (-6)/(-3 + -3 + 7). What is z(h)?
-5
Suppose q = -21 - 2. Let s = q - -25. Let x(n) be the second derivative of n**4/6 + n. Give x(s).
8
Let r(x) = -x + 10. Let q be (-13)/(-2) - (60/(-8))/(-5). Give r(q).
5
Let o be ((-11)/(11/6))/(-2). Let y(f) = f + 1. Let j be y(o). Suppose -j*u = -5*u. Let x(i) = -i**2 - i + 7. Calculate x(u).
7
Let s be 4 - (-1 - -1)/2. Suppose s*o - 4 = 16. Suppose o*w + 12 - 37 = 0. Let d(p) = -p**2 + 6*p + 2. Give d(w).
7
Let d(j) = -6*j**3 - 2*j**2 + 7*j - 11. Let t(y) = -7*y**3 - 3*y**2 + 8*y - 12. Let k(w) = 6*d(w) - 5*t(w). Calculate k(3).
0
Let b(a) be the second derivative of a**6/144 - a**5/20 - 17*a**4/12 + 19*a. Let y(g) be the third derivative of b(g). Give